8 is divided by c?
2
Let t = 17 - 5. Calculate the remainder when 34 - 0 - 0/(-3) is divided by t.
10
Calculate the remainder when 12 is divided by (-33)/(-22)*(-10)/(-3).
2
Suppose 0 = -3*w + 6*w + h - 112, 5*w - 192 = -3*h. Suppose -11*d - w = -14*d. What is the remainder when 22 is divided by d?
10
Suppose 5*s + 13 = -2, -3*j = -s - 69. Let b = j + -17. Calculate the remainder when 14 is divided by b.
4
Let p be (-9)/(-9) + -4 + 0. What is the remainder when (p/5)/(2/(-20)) is divided by 3?
0
Suppose 5*o - 84 = -3*m + 378, 290 = 3*o + 5*m. Calculate the remainder when o is divided by 23.
21
Suppose -59*z = -63*z + 380. Calculate the remainder when z is divided by 32.
31
Suppose 5*b - 2*x - 45 = 3*x, 2*x = -5*b + 10. Let g = b - 2. Let n(h) = h + 3. Calculate the remainder when n(0) is divided by g.
1
Let d be -7*(0 + (-48)/14). Let f = -10 + d. What is the remainder when f is divided by 8?
6
Calculate the remainder when 1 - (-545)/10 - (-2)/4 is divided by 15.
11
Let b(v) = v - 4. Let t be b(6). Suppose 0 = t*d + 2*d. Calculate the remainder when 13 is divided by (d - -2)*(-10)/(-4).
3
Let c = -95 - -99. Let b(x) be the second derivative of x**5/20 + x**4/2 - x**3/3 - 3*x**2 + x. Calculate the remainder when b(-6) is divided by c.
2
Let n = 5 + -4. What is the remainder when 2 is divided by n?
0
Suppose 0 = -h + 2*b + 21, 4*h - 89 = 2*b + b. What is the remainder when 44 is divided by h?
21
Let x = 27 + -4. What is the remainder when x is divided by 4?
3
Let a(p) = p**3 - 30*p**2 + 32*p - 43. What is the remainder when a(29) is divided by 5?
4
Calculate the remainder when 19 is divided by (1*(-12)/10)/((-15)/100).
3
Let q = -73 + 129. Calculate the remainder when q is divided by 1*-4 - (-30 - 3).
27
Let z(u) = 6*u + 1. Suppose -9*b + 12*b = 114. Suppose b = 5*v - 4*v. Calculate the remainder when v is divided by z(2).
12
Let d = 7 + -10. Let r be (-50)/(-6) - (-1)/d. Suppose 5 + r = a. What is the remainder when 24 is divided by a?
11
Let n = 5 - 5. Suppose n = 2*c - 138 - 52. Suppose 2*i - 7*i = -c. Calculate the remainder when i is divided by 7.
5
Suppose -3*n - 19 = x, 0 = 3*n + 5*x - 1. Calculate the remainder when 21 is divided by (-2)/n + (-62)/(-8).
5
Let r(l) = -l + 9. Let c be r(5). Suppose -67 = -5*y - 2*t, -c*t - 24 = -4*y + 24. Let w = -16 + 23. Calculate the remainder when y is divided by w.
6
Let b = -97 - -119. Calculate the remainder when 64 is divided by b.
20
Suppose -12 = -4*f - 0. Suppose f*m - 14 = 7. Calculate the remainder when (3 - 5) + (-15)/(-1) is divided by m.
6
Let h(w) = 12*w**2 - w. Suppose -5*s + 9*s - 4 = 0. Calculate the remainder when 31 is divided by h(s).
9
Let o(x) = -9*x - 1. Let v(z) = 28*z + 4. Let d(n) = -16*o(n) - 5*v(n). Let i be d(5). Calculate the remainder when 4/(2 + (-30)/i) is divided by 11.
10
What is the remainder when 63 is divided by (26 - 4) + -3 + -3?
15
Suppose 3*y = 8*y - 3*b - 9, -3*b = -3*y + 3. Let w = -8 - -11. Suppose -4*m = -h + 10, 0 = h - w*m - 0*m - 8. Calculate the remainder when y is divided by h.
1
Suppose -74 = -2*g + 4*f + 80, 4*f = -3*g + 231. Calculate the remainder when g is divided by 26.
25
Suppose 0 = t + 2*a - 32, -3*t - 2*t = a - 178. What is the remainder when t is divided by 13?
10
Let g(h) = 7 + h**2 + 0*h**2 + 3*h - 6*h + 0*h. Calculate the remainder when g(8) is divided by 24.
23
Let f(m) = m - 1. Let j be f(1). Suppose 4*i = -8, -4*u + 5*i = -j*i - 54. What is the remainder when 32 is divided by u?
10
Let j be ((-4)/(-6))/((-2)/(-6)). Let w(d) = -3*d**2 + 6*d**2 - d**3 - 2 - j*d**2 + d. Calculate the remainder when w(-2) is divided by 5.
3
Let m(v) = 6*v + 27. Suppose 0 = -0*t - 5*t + 50. What is the remainder when m(0) is divided by t?
7
Suppose -5*a + 18 = 3*d, 4*a - 3*d + 18 - 54 = 0. Suppose 3*l - 15 = -2*t, 5*l - a - 7 = -2*t. What is the remainder when 43 is divided by t?
7
What is the remainder when 58 is divided by 232/16 + 1/2?
13
Suppose 0 = -2*v - 61 + 97. Let g(w) = -w**3 - 4*w**2 - 6*w - 2. Calculate the remainder when g(-5) is divided by v.
17
Let u be (2 + -1)/(2/8). Suppose 2*q = u*l + 6 - 18, -l = 0. Calculate the remainder when 8 is divided by 1/((-2)/q + 0).
2
Let d(u) be the second derivative of 5*u**4/4 - u**3/2 + u**2 - 2*u. Let x(a) = -2*a + 19. What is the remainder when d(2) is divided by x(0)?
18
Let p(k) = k**2 - 8*k + 5. Let a be p(6). Let w = -2 - a. What is the remainder when (3 - (-52)/(-16))*-52 is divided by w?
3
Let p = 4 - 2. What is the remainder when 6 is divided by p?
0
Let l = 7 + -1. What is the remainder when 15 is divided by l?
3
Let c be 1/(-3) - (-2)/6. Suppose 2*r - 26 = -5*s, c*r = -3*s + 2*r + 22. Let a = 30 + -19. What is the remainder when a is divided by s?
5
Let h = -4 + 4. Suppose 4*w = 5*z - h + 1, w = 2*z - 2. Suppose 4*s - 81 = -z*i, i + 2*i = -5*s + 78. Calculate the remainder when i is divided by 11.
9
What is the remainder when 26 is divided by 6/(5*9/120)?
10
Suppose -p + 10 = 4*p. Suppose q + 2 = -5*n + 22, 0 = -2*n + p*q + 8. Suppose 0 = c + n*c - 125. What is the remainder when c is divided by 14?
11
Let m(u) = 1. Let r(t) = t**2 - 6*t - 5. Let i(y) = m(y) + r(y). Calculate the remainder when i(8) is divided by 5.
2
Let y(x) = -17*x + 5. What is the remainder when y(-4) is divided by 19?
16
Suppose j = -2*j - 4*p - 10, 4*j = -4*p - 8. Let f = 6 + -4. Calculate the remainder when j is divided by f.
0
Let l = 89 - 70. Let w(o) = -12*o - 4. What is the remainder when w(-5) is divided by l?
18
Let i = 50 + 6. Let a = 111 - i. What is the remainder when a is divided by 19?
17
Let c(s) = -s**3 - 4*s**2 + 8*s + 5. What is the remainder when c(-7) is divided by 33?
30
Suppose 74 = 2*p + 4*o, -2*p + o - 4*o + 72 = 0. What is the remainder when 96 is divided by p?
30
Calculate the remainder when 5 is divided by 2/(-6) - (-70)/30.
1
Suppose 5*d - 4*z = 198, z = -5*d + 3*z + 204. What is the remainder when 18 is divided by 5/(-20) + d/8?
3
Let v = 0 - -2. Let h = -2 - -16. Suppose 4*w - 3*y + 3 = -1, -h = 3*w - 5*y. Calculate the remainder when v is divided by w.
0
Let f = -7 - -11. Suppose -2*i = 5*h - 0*i - 44, 3*h - 18 = -f*i. What is the remainder when 39 is divided by h?
9
Suppose -2*m - 8 = -u + m, 5*m = 5*u - 20. Let x = -9 + 15. Suppose -k + x = 2*k. What is the remainder when u is divided by k?
0
Let p be ((-24)/(-30))/(4/10). Let s be (12/2)/((-3)/p). Let b = 8 - s. What is the remainder when 35 is divided by b?
11
Suppose -48 = x - 3*x + 3*r, -74 = -3*x + 4*r. Calculate the remainder when x is divided by 14 - (3 - (3 + -3)).
8
Suppose 5*u = -3*q + 90, 0 = -u + 4*q - q + 36. What is the remainder when 59 is divided by u?
17
Let k = 5 + 11. What is the remainder when 19 is divided by k?
3
Suppose -30 = 3*a + 180. What is the remainder when (a/(-30))/((-1)/(-3)) is divided by (0 + 3)*4/3?
3
Calculate the remainder when -19*(-2 + (2 - 2)) - -4 is divided by 22.
20
Let o = 20 + -11. Suppose 0 = -3*u - 0*u + f - 19, 3*u = 3*f - 21. What is the remainder when o is divided by ((-20)/u)/(2/3)?
4
Let j(i) = i**3 - 4*i**2 + i. Let l be j(4). Suppose -l*u = -6*u + 230. Calculate the remainder when u is divided by 29.
28
What is the remainder when 28 is divided by 6/(-1 + (-22)/(-16))?
12
Let o = -2 - -2. Let q be (-4)/8*-12 + -1. Suppose 2*r = -q*v + 301, o*r = -5*v - 4*r + 297. Calculate the remainder when v is divided by 16.
13
Suppose -25 = -2*k - 5*j, 3*k - 2*j = 2*k - 1. Suppose 3*u = -9, 0 = k*f - 3*u - u - 27. Calculate the remainder when 46 is divided by ((-8)/6)/(f/(-36)).
14
Let s = -8 - -28. Let d(z) = z**3 + 4*z**2 - 4*z - 5. What is the remainder when s is divided by d(-4)?
9
Let f(w) = w**2 + 2. Let x be f(-2). Suppose 4*v - x*v + 20 = 0. Suppose 114 = 5*h - 21. Calculate the remainder when h is divided by v.
7
Let z = 2 - -56. Suppose 4*v = 3*r - 128, 3*r - 3*v - 180 = -r. Let x = 68 - r. Calculate the remainder when z is divided by x.
18
Let s(i) = i**3 - 5*i**2 - 10*i - 9. What is the remainder when 75 is divided by s(7)?
18
Suppose -2*f + 3*x + 6 = 0, 2*f + x = 2*x + 10. Calculate the remainder when 29 is divided by f.
5
Let z = 2 - -1. Let i be (-3)/(-24)*4*14. Let d = i - 4. What is the remainder when d is divided by z?
0
Let d(u) = u**2 - u + 9. Let q(p) = p**2 + p + 1. Let w(m) = -